-15). Calculate c(l).
-1
Let h(b) be the second derivative of b**8/6720 - b**7/504 - b**6/240 + 17*b**5/120 + 79*b**4/6 + 10*b. Let c(x) be the third derivative of h(x). Calculate c(5).
2
Let x(g) = -g - 4. Let n = -195 - -767. Suppose 81*a - 85*a + n = 0. Suppose -148*c - 40 = -a*c. Calculate x(c).
4
Let s(x) = 9*x - 10*x - 5*x - 5. Let w = -11941 + 11946. Calculate s(w).
-35
Let u(w) = w**3 - 9*w**2 + 6*w - 30. Let d be u(9). Suppose -d*j + 4*j = 40. Let f(o) = 2*o**2 - o - 2. What is f(j)?
8
Let q(i) = -17*i**2 - 7 + 13*i + 11*i**2 + 7*i**2. Let t be q(-14). Let s(r) = -17*r + 39*r - t - 21*r - 4. Determine s(11).
0
Suppose -8*f = -21 - 59. Let v(u) = -5*u**2 - 2 + 11*u - 36*u + f*u + 4*u**2. What is v(-15)?
-2
Let y be ((-1)/(-7))/((-163)/(-5705)). Let v(q) = -2*q**2 + 25*q - 71. Determine v(y).
4
Suppose -2*m = 5*f + 26, 226*f - 222*f + 32 = -3*m. Let h(k) be the second derivative of -k**3/2 - 3*k**2/2 - k. Give h(m).
21
Let z = 4874 + -4865. Let o(h) = h**3 - 8*h**2 - 3*h - 6. Calculate o(z).
48
Let h(q) = -q**3 + 12*q**2 - 31*q - 6. Let w = 452 - 444. Calculate h(w).
2
Let j(x) = x**3 + 6*x**2 - 17*x - 109. Let l be j(-6). Let p = 1 - -4. Let k(i) = 3*i**3 + 0*i**3 - 7*i**2 - 3*i - 7*i**3 - p + 3*i**3. Determine k(l).
16
Let d(s) = 5*s**2 - 3*s + 3. Let j(b) = 3*b**2 - 18*b - 4. Let f be j(6). Let v(y) = 6*y**2 - 4*y + 4. Let z(k) = f*v(k) + 5*d(k). Determine z(1).
1
Let u(c) = -c**3 - 5*c**2 + 9. Suppose 2*y + 0*y = -8. Let f be (-6)/21 - (2/(-7) - y). Give u(f).
-7
Let a be (-12)/(-7) + (-238)/(-833). Let q(i) = -17*i + 7. Calculate q(a).
-27
Let j(u) = -u**3 - 17*u**2 + 13*u + 9. Let v be j(-18). Suppose v = 5*c - 81. Let o = c + -36. Let w(z) = z**3 + z**2 - 1. Calculate w(o).
-1
Let y(d) = -d**2 + 26*d - 25. Let i be y(25). Suppose 2*h + v = i, -3*v - 3 - 1 = 4*h. Let b(m) = -h - 1 - 2*m + 9*m**2 + 11*m**2 - 21*m**2. Calculate b(-3).
-6
Let u = 6 - 3. Let y(n) = -17*n - 80. Let p be y(-5). Let a(r) = 5 - p - 8*r + 4*r. Give a(u).
-12
Let k(s) be the first derivative of -4*s**3/3 + 19*s**2/2 + 48*s - 1197. Give k(-2).
-6
Let a(m) be the third derivative of 7*m**4/4 + m**3/6 - 4*m**2 - 6721*m + 2. Suppose -4 = -2*f + 6*f. Calculate a(f).
-41
Let c(a) = -a**2 - 4*a - 17. Let j(b) = b**2 - 71*b - 553. Let l be j(-7). Determine c(l).
-38
Let h(q) = -7*q**2 - 17*q + 4. Let u(b) = 93*b**2 + 237*b - 53. Let w(r) = -27*h(r) - 2*u(r). Determine w(-5).
148
Let o(k) be the third derivative of k**6/120 - k**5/12 + k**4/4 - 5*k**3/3 - k**2 + 212. Calculate o(3).
-10
Let i(v) = 5*v + 3*v + 50 + 0*v - 42. Determine i(-8).
-56
Let h(x) = 5734*x**2 + 5 + 5731*x**2 - 11468*x**2 + 20*x. What is h(6)?
17
Let t(x) = 3412330*x + 0*x**2 - 3412344*x + x**2 - 38. What is t(14)?
-38
Let l = 29504 + -29505. Let n(s) = -6*s**2 + 12*s + 13. Determine n(l).
-5
Let b(q) be the first derivative of q**4/4 - 14*q**3/3 + 7*q**2 - 12*q + 647. Calculate b(13).
1
Let c(w) = w + 7. Let k = -374 - -362. Let v be c(k). Let b(l) = 2*l + 10. Determine b(v).
0
Let d(c) = 11986 - 11982 - c + c + 2*c. Let w be (-48)/5 + 2/(-5). Let v be 64/(-10) - w/25. What is d(v)?
-8
Let r(d) = 39*d - 499. Let x(k) = 26*k - 332. Let q(f) = 7*r(f) - 11*x(f). What is q(11)?
16
Let j(x) = -2 - 3*x - x**2 + 4 + 12*x + 3. Let l(m) = -4*m - 9. Let i be l(-4). Give j(i).
19
Let z(w) be the second derivative of 13/12*w**4 + 0*w**3 - 1/24*w**5 + 29*w + 0*w**2 + 0 - 1/720*w**6. Let r(n) be the third derivative of z(n). Give r(-6).
1
Let f(s) = -6 - s**2 - 14*s - 27*s - 71 - 132 - 209. Give f(-20).
2
Let p(c) = -11*c - 10*c - 5*c + 47*c - 14*c - 6*c + 19. Let j(h) = 16*h**3 + h**2. Let v be j(-1). Calculate p(v).
4
Let g(h) be the first derivative of 1/2*h**2 + h - 113. What is g(-3)?
-2
Let f(p) be the second derivative of p**4/12 + 16*p**3/3 + 221*p**2/2 + 97*p - 2. Give f(-10).
1
Let d(b) be the third derivative of b**7/5040 + b**6/90 + b**5/30 + 7*b**4/4 - 7*b**2 - 4. Let m(l) be the third derivative of d(l). Determine m(-4).
4
Let i(a) be the first derivative of 2*a**2 + 32*a + 1064. Give i(-4).
16
Let g(z) be the third derivative of -z**4/12 + 37*z**3/6 + 202*z**2 - 2. Determine g(21).
-5
Suppose 2 = 7*m - 6*m. Suppose 4*s - s = m*b + 123, -4*b = s - 41. Let o(q) = -36 + 80 - q - s. Calculate o(3).
0
Let i(l) = -2 + l**2 + 15*l**3 - 2*l - l + 2*l + 3. Let z = 71 + -67. Suppose -z*v + 47 = 43. What is i(v)?
16
Suppose -18*s + 294 = 366. Let p(j) = -j**3 - 4*j**2 - 2*j + 2. What is p(s)?
10
Let i(x) = -x**3 - 4*x**2 + 2*x. Let q(b) be the first derivative of b**3/3 - 8*b**2 - 8*b + 13. Let p be q(16). Let s be 33/p + (33/24)/11. Give i(s).
-8
Let b(t) be the first derivative of 7/6*t**3 - 5*t**2 + 30*t - 37 + 1/12*t**4. Let q(c) be the first derivative of b(c). Determine q(-9).
8
Suppose i + 5 + 10 = 3*w, i = -2*w + 5. Let p = 62 - 60. Let c(h) = -h**2 - p*h**2 - h**3 + 2*h**2 + 160*h - 3 - 157*h. Determine c(i).
6
Suppose -31*a - 1164 = 42*a + 296. Let q(g) = g**2 + 26*g + 113. Determine q(a).
-7
Suppose 7884 = -75*t - 801*t. Let o(z) be the third derivative of -z**6/120 - 3*z**5/20 + z**3 + z**2. What is o(t)?
6
Let r(f) = f**2 - 15*f - 51. Let u be r(18). Let c(i) be the second derivative of 15*i - 1/2*i**2 + 0 - 1/2*i**3 + 1/12*i**4. What is c(u)?
-1
Let w(a) be the third derivative of -a**5/60 + 7*a**4/24 - 88*a**3/3 - 2*a**2 + 6. Let x(u) be the first derivative of w(u). What is x(7)?
-7
Let s = 6 + -7. Let l(z) be the first derivative of 3*z**4/2 + z**3/3 + z**2 + z - 5678. Calculate l(s).
-6
Let r(u) = -22*u + 16. Let c(w) = 14*w - 15. Let a(q) = 3*c(q) + 2*r(q). Calculate a(6).
-25
Let m(q) = -q**3 - 23*q**2 - 42*q + 6. Let p be m(-21). Let y(l) = -l. Let f(h) = -7*h + 7. Let z(d) = -f(d) + 5*y(d). What is z(p)?
5
Let l = -36 - -38. Suppose l*r + 1 = -13. Let j(u) = 3*u**2 - 13*u - 14. Let z(x) = -x**2 + x + 1. Let v(b) = j(b) + 4*z(b). Give v(r).
4
Let m = -133 - -138. Let x(w) = -7*w + 19. Let l(g) = g + 9. Let c be l(-7). Let j(s) = 3*s - 9. Let h(o) = c*x(o) + 5*j(o). Calculate h(m).
-2
Let y be -2*-1*3*(-9)/(-27). Let h(j) = -j**2 + 7*j + 3. Let i be h(7). Let z(f) = -6*f + f**y + f - i - f. What is z(7)?
4
Let v(w) = 2*w**3 + 23*w**2 + 10*w. Let j be v(-11). Let c(y) = y**3 - 12*y**2 + 17*y - 57. Let m be c(j). Let d(l) = l**2 - 10*l + 3. Calculate d(m).
-6
Let h(g) = 6*g**3 - g**2 - 2*g + 2. Let y be ((-20)/(-12))/(1*(-6)/18). Let d be y + 4 + (1 - 1/(-1)). Calculate h(d).
5
Let d(o) = o**3 + 7*o**2 + 17*o + 15. Let t(a) = -6*a**2 - 414*a - 4. Let j be t(-69). Determine d(j).
-5
Let g(x) = 3*x**3 + 6*x**2 + 2*x + 3. Let y = 298 - 301. Let a(t) = -2*t**3 - 5*t**2 - t - 2. Let f(v) = y*g(v) - 4*a(v). Calculate f(2).
-5
Let o(i) = -5*i**2 - 5*i - 6. Let r(d) = 12*d - 193. Let l be r(16). Calculate o(l).
-6
Let s(k) be the third derivative of k**4/12 + 25*k**3/6 + 54*k**2. Suppose o + 0*o - 3 = -5*l, -3*o - 3*l - 27 = 0. Determine s(o).
1
Suppose -168 + 106 + 152 = -10*l. Let b(v) be the third derivative of v**6/120 + v**5/6 + 11*v**4/24 + 4*v**3/3 - v**2. What is b(l)?
-10
Suppose -4*p + 3*d = 6 - 5, 2*p + 4*d + 28 = 0. Let s(o) = -2*o**2 - 5*o - 7. What is s(p)?
-19
Let o(n) = -n**2 + n - 7. Let k be (-158)/(-6) + 6/36*-2. Let x = -26 + k. What is o(x)?
-7
Let q = -234 + 235. Let k(t) = 15*t - 5. Calculate k(q).
10
Let s(m) = 2*m**2 + 28*m - 38. Let x(f) = -f**2 - 13*f + 17. Let i(t) = 4*s(t) + 9*x(t). What is i(0)?
1
Let q(f) be the second derivative of 7*f**3/6 - 7*f**2 - f + 109. Give q(4).
14
Let h = -21 + 9. Let p = -12 - h. Let g be (7/(28/(-8)))/(p + -1). Let u(k) = -2*k + 2. What is u(g)?
-2
Suppose 2*y - 4*y + 6 = 2*m, 20 = 2*m - 5*y. Suppose 2*n = m*u - 9, 2*u + u + 6 = 5*n. Let w(k) = k**u + 4*k**2 - k + 1 - k - 2. Determine w(-2).
11
Let t(d) = -d**2 - 5*d + 21. Let y be t(-8). Let k(f) = f**2 - 1. Let r(h) = -5*h**2 + 3*h + 3. Let s(c) = -6*k(c) - r(c). Give s(y).
3
Suppose -3 = 5*i + 2*p, 3*p - 4 = -31*i + 32*i. Let h(o) be the first derivative of -10*o**3/3 - o**2 - o + 1. Give h(i).
-9
Let n = -56 - -60. Let p(y) = 3*y**2 - 8*y - 1. Calculate p(n).
15
Let g be (0 - (-4)/18)/(2/18). Let p be (g + -1)*33/3. Suppose -8*h = -p*h + 15. Let d(u) = -u**2 + 6*u - 6. Give d(h).
-1
Let z(u) = 3*u + 1. Let d(v) = 94*v + 272. Let o be d(-3). Determine z(o).
-29
Let z = 62554 